 (base 7) to base 11.
0
303 (base 4) to base 14
39
-7 (base 8) to base 10
-7
101000 (base 2) to base 7
55
What is 413 (base 6) in base 4?
2121
-141 (base 16) to base 8
-501
-3 (base 14) to base 8
-3
Convert 3 (base 16) to base 12.
3
1c (base 14) to base 9
28
Convert 3 (base 16) to base 5.
3
Convert 53 (base 11) to base 13.
46
Convert 77 (base 11) to base 15.
59
What is 220 (base 5) in base 14?
44
What is a (base 13) in base 16?
a
0 (base 9) to base 11
0
Convert 4 (base 16) to base 13.
4
102201 (base 3) to base 10
316
-332 (base 4) to base 11
-57
Convert -74 (base 9) to base 3.
-2111
Convert a2 (base 16) to base 4.
2202
44 (base 15) to base 11
59
Convert 25 (base 15) to base 5.
120
Convert -75 (base 13) to base 7.
-165
What is -91 (base 11) in base 16?
-64
-53 (base 13) to base 3
-2112
Convert -317 (base 8) to base 11.
-179
What is -2030 (base 4) in base 13?
-aa
Convert 202 (base 3) to base 2.
10100
-21 (base 4) to base 12
-9
What is -3 (base 6) in base 3?
-10
What is 0 (base 10) in base 2?
0
1 (base 2) to base 16
1
7 (base 12) to base 14
7
Convert -15 (base 10) to base 7.
-21
What is -130 (base 6) in base 4?
-312
What is 12012 (base 3) in base 11?
118
-22100 (base 3) to base 2
-11100001
Convert 1 (base 2) to base 6.
1
Convert -20 (base 4) to base 11.
-8
5 (base 16) to base 10
5
Convert -163 (base 8) to base 13.
-8b
Convert 27 (base 16) to base 8.
47
Convert -1 (base 9) to base 11.
-1
20 (base 3) to base 15
6
What is 2021 (base 3) in base 14?
45
What is -1 (base 2) in base 15?
-1
What is 0 (base 15) in base 10?
0
What is 6 (base 9) in base 13?
6
Convert -10212 (base 3) to base 6.
-252
-1011 (base 2) to base 6
-15
Convert -a (base 13) to base 16.
-a
What is 1 (base 15) in base 14?
1
130 (base 4) to base 11
26
What is 1a (base 15) in base 4?
121
What is -3 (base 5) in base 7?
-3
Convert 0 (base 7) to base 10.
0
Convert 3 (base 13) to base 12.
3
260 (base 7) to base 3
12012
Convert -2 (base 16) to base 15.
-2
Convert 21b (base 12) to base 4.
10313
a (base 12) to base 8
12
-2 (base 6) to base 3
-2
26 (base 14) to base 4
202
11 (base 7) to base 8
10
Convert -1 (base 14) to base 3.
-1
Convert 12 (base 9) to base 16.
b
Convert 22b (base 13) to base 12.
273
Convert -61 (base 10) to base 16.
-3d
Convert -111 (base 11) to base 14.
-97
What is -2134 (base 5) in base 6?
-1210
96 (base 12) to base 7
222
What is -e (base 16) in base 12?
-12
Convert 10 (base 5) to base 8.
5
20 (base 16) to base 2
100000
Convert -211 (base 5) to base 16.
-38
46 (base 12) to base 15
39
-1 (base 2) to base 13
-1
What is -21 (base 3) in base 11?
-7
What is 25 (base 11) in base 2?
11011
What is -10120 (base 3) in base 10?
-96
-202 (base 6) to base 5
-244
-12 (base 8) to base 13
-a
What is -31 (base 5) in base 6?
-24
Convert 19 (base 16) to base 12.
21
Convert 5 (base 7) to base 4.
11
-3 (base 10) to base 3
-10
Convert -3 (base 6) to base 8.
-3
Convert 10011001 (base 2) to base 7.
306
Convert 1010 (base 3) to base 14.
22
Convert -5 (base 6) to base 4.
-11
What is 142 (base 9) in base 16?
77
-10 (base 13) to base 14
-d
-99 (base 14) to base 9
-160
1001111 (base 2) to base 4
1033
Convert 2 (base 16) to base 5.
2
18 (base 9) to base 5
32
-4 (base 14) to base 12
-4
Convert 413 (base 5) to base 3.
11000
Convert 425 (base 7) to base 3.
21222
-214 (base 7) to base 13
-85
Convert 22 (base 11) to base 5.
44
-3 (base 9) to base 6
-3
Convert -a (base 11) to base 3.
-101
5 (base 9) to base 12
5
What is -11 (base 7) in base 15?
-8
Convert 147 (base 8) to base 5.
403
2101 (base 3) to base 11
59
-3 (base 14) to base 2
-11
Convert -4 (base 13) to base 16.
-4
What is -24 (base 14) in base 16?
-20
0 (base 8) to base 7
0
Convert -11 (base 2) to base 7.
-3
What is 3 (base 12) in base 5?
3
What is -15 (base 6) in base 8?
-13
Convert -6 (base 15) to base 6.
-10
What is 3 (base 10) in base 11?
3
What is -30 (base 9) in base 5?
-102
Convert -2 (base 13) to base 4.
-2
What is 0 (base 15) in base 5?
0
-13 (base 15) to base 9
-20
Convert 9 (base 12) to base 14.
9
Convert 62 (base 8) to base 13.
3b
-13 (base 10) to base 8
-15
32 (base 11) to base 13
29
What is 1b (base 12) in base 11?
21
What is -422 (base 8) in base 11?
-22a
What is 100 (base 2) in base 14?
4
What is 12b (base 12) in base 7?
344
1 (base 12) to base 14
1
Convert 1 (base 3) to base 6.
1
Convert 23 (base 8) to base 6.
31
99 (base 12) to base 13
90
2 (base 8) to base 15
2
What is 1 (base 9) in base 5?
1
What is -3 (base 15) in base 10?
-3
-1 (base 2) to base 5
-1
What is -3 (base 16) in base 8?
-3
Convert 2 (base 13) to base 15.
2
What is 223 (base 4) in base 12?
37
Convert 1 (base 3) to base 7.
1
-30 (base 5) to base 8
-17
14 (base 5) to base 9
10
1110100 (base 2) to base 4
1310
c (base 14) to base 7
15
-131 (base 5) to base 2
-101001
Convert -9 (base 11) to base 5.
-14
2011 (base 4) to base 11
111
124 (base 6) to base 5
202
Convert 334 (base 6) to base 10.
130
What is -22112 (base 3) in base 7?
-446
Convert -4 (base 13) to base 14.
-4
What is 111001 (base 2) in base 15?
3c
1 (base 12) to base 8
1
What is -3 (base 5) in base 13?
-3
a (base 14) to base 3
101
Convert 100110 (base 2) to base 10.
38
What is a (base 11) in base 8?
12
What is -15 (base 8) in base 6?
-21
What is -6 (base 10) in base 16?
-6
Convert 1c (base 15) to base 4.
123
-421 (base 6) to base 13
-c1
Convert 1 (base 8) to base 3.
1
-51 (base 10) to base 5
-201
Convert -116 (base 13) to base 10.
-188
What is -343 (base 6) in base 8?
-207
3 (base 14) to base 3
10
Convert 44 (base 5) to base 10.
24
What is -11 (base 6) in base 16?
-7
Convert 1 (base 12) to base 5.
1
What is -a2 (base 11) in base 8?
-160
What is -1022 (base 5) in base 7?
-254
What is -4 (base 6) in base 10?
-4
Convert -32 (base 10) to base 7.
-44
Convert 112 (base 8) to base 11.
68
What is -18 (base 11) in base 6?
-31
180 (base 11) to base 15
de
-2 (base 13) to base 7
-2
Convert -2 (base 16) to base 9.
-2
Convert -120 (base 5) to base 10.
-35
What is a6 (base 13) in base 6?
344
Convert -41 (base 6) to base 9.
-27
Convert 0 (base 16) to base 15.
0
Convert 33 (base 6) to base 13.
18
4 (base 8) to base 7
4
What is 21 (base 14) in base 8?
35
Convert 2 (base 12) to base 6.
2
Convert -21 (base 6) to base 5.
-23
2a (base 11) to base 15
22
2 (base 9) to base 6
2
What is 282 (base 10) in base 13?
189
-5 (base 16) to base 6
-5
What is -113 (base 5) in base 6?
-53
-6 (base 7) to base 6
-10
-174 (base 9) to base 2
-10010100
0 (base 4) to base 10
0
What is -22 (base 11) in base 4?
-120
-31 (base 11) to base 9
-37
-11 (base 10) to base 8
-13
What is 1 (base 11) in base 15?
1
Convert 5 (base 9) to base 10.
5
-133 (base 6) to base 11
-52
Convert 5 (base 7) to base 8.
5
Convert -1000 (base 2) to base 16.
-8
Convert 10 (base 6) to base 8.
6
What is -5 (base 14) in base 12?
-5
Convert 352 (base 7) to base 16.
b8
Convert 10 (base 15) to base 2.
1111
What is -2 (base 4) in base 2?
-10
82 (base 15) to base 7
233
-3 (base 9) to base 4
-3
-3c (base 15) to base 14
-41
What is 59 (base 11) in base 6?
144
6 (base 9) to base 2
110
Convert 15 (base 15) to base 11.
19
What is -100 (base 2) in base 5?
-4
Convert -2 (base 13) to base 5.
-2
Convert 43 (base 8) to base 13.
29
-29 (base 11) to base 5
-111
Convert -3 (base 11) to base 15.
-3
Convert 1 (base 2) to base 7.
1
Convert -70 (base 15) to base 3.
-10220
-27 (base 11) to base 4
-131
What is 250 (base 8) in base 9?
206
Convert -13 (base 8) to base 5.
-21
What is -2100 (base 4) in base 8?
-220
Convert -8 (base 14) to base 5.
-13
Convert 2a (base 13) to base 10.
36
4 (base 15) to base 13
4
Convert -100121 (base 3) to base 6.
-1111
Convert 9 (base 16) to base 14.
9
-b (base 14) to base 7
-14
Convert -10 (base 3) to base 8.
-3
-10100 (base 3) to base 11
-82
11 (base 5) to base 6
10
What is 110 (base 5) in base 11?
28
Convert 1120 (base 4) to base 8.
130
Convert 45 (base 13) to base 2.
111001
What is -35 (base 7) in base 2?
-11010
-4 (base 7) to base 4
-10
What is -1100 (base 2) in base 3?
-110
-3 (base 14) to base 16
-3
What is 310 (base 6) in base 2?
1110010
Convert -215 (base 8) to base 13.
-ab
What is -152 (base 13) in base 5?
-1421
100 (base 4) to base 7
22
-215 (base 8) to base 5
-1031
Convert -12 (base 10) to base 13.
-c
Convert c (base 16) to base 5.
22
-10112 (base 3) to base 13
-74
250 (